*a + 2. Let r be c(-2). What is the tens digit of 1 + 1/(4/r)?
7
Suppose -551*r = -546*r - 3870. What is the tens digit of r?
7
Let z = -3710 + 5269. Suppose 0 = 6*q - z - 313. What is the hundreds digit of q?
3
Suppose -8*i + 470 + 7418 = 0. What is the tens digit of i?
8
Suppose 370 = -5*f + 4*a, 0 = -5*f - 8*a + 3*a - 370. Let y = 126 - f. What is the units digit of y?
0
Let g = 133 - -1615. What is the hundreds digit of g?
7
Suppose 97*t - 38407 = 38223. What is the hundreds digit of t?
7
Let h be (-180)/50 - (-4)/(-10). Let a be (-1 - (h - -8)) + 4. Let i(f) = -3*f**3 + 2*f**2 + f. What is the units digit of i(a)?
4
Let f = 1674 - 1580. What is the tens digit of f?
9
Suppose -5*y + 4*t = -17238, 5*y = 8*y + 3*t - 10332. What is the thousands digit of y?
3
What is the hundreds digit of 2*(4 + 323/2)?
3
Let p = 1132 + -676. What is the tens digit of p?
5
Suppose 25*d + 1924 = 23049. What is the tens digit of d?
4
Suppose -3*s + 3*k + 27 = 0, 37 = -s + 6*s - 3*k. Let q = 3 - -6. Suppose s*j + 8 = q*j. What is the units digit of j?
2
Let y(h) = 2*h**2 - h. Let i be y(0). Suppose -4 = g, -3*g + i*g = -x + 56. What is the units digit of x?
4
Let l = -21 - -62. Let u = l - 36. Suppose -u*j = f - 155, -j + 3*j - 5*f = 62. What is the units digit of j?
1
Let g = 54 + -49. Suppose -g = -c + 59. What is the units digit of c?
4
Let u(y) = -3*y**3 - y**2. Let p(x) = x**2 - 3. Let o be p(-2). Let q be (-6)/o*(-12)/(-36). What is the units digit of u(q)?
0
Let z(a) = 68*a**2 + 18*a - 5. What is the tens digit of z(-7)?
0
Let t(v) = 2*v + 0*v - 10 - 8*v. Suppose 28 = -3*g - 2*d, g - d = -6*d - 5. What is the tens digit of t(g)?
5
Suppose -r - h - 40 = 0, -2*r + 8*h - 52 = 3*h. Let t = 56 + r. What is the tens digit of t?
2
What is the hundreds digit of (-7832)/(-11) - (-18)/6?
7
Let y(v) be the second derivative of -v**3/3 + 4*v**2 + 6*v. Let w be y(4). Suppose l + 0*l - 1 = w. What is the units digit of l?
1
Let a = -535 + 1835. What is the tens digit of a?
0
Suppose 4*q + 2*o + 18912 = 8*q, 4*o + 4735 = q. What is the tens digit of q?
2
Suppose 1 = 2*o - 7. Suppose -o*i = -i - 534. What is the tens digit of i/15 - (-24)/180?
1
Let n = -112 + 176. Let q = n + -11. What is the tens digit of q?
5
Suppose -36*y + 20227 = -25097. What is the tens digit of y?
5
Let b(z) = -7*z**3 + 3*z**2 - z + 1. Let k(x) = x**3. Let d(l) = -b(l) - 6*k(l). Let r be (2 - (-2 + 5)) + 5. What is the tens digit of d(r)?
1
Let l = -850 - -1536. What is the hundreds digit of l?
6
What is the tens digit of (-74958)/(-30) - -9 - 4/(-10)?
0
Let r be (-437)/(-4) - (-1)/(-4). Let g = -57 + r. What is the tens digit of g?
5
Suppose 0 = -2*i - 0*s - s + 41, -3*i = 3*s - 57. Let p = i - 59. Let u = 97 + p. What is the tens digit of u?
6
Let f be (8/10)/((-26)/(-65)). Suppose 2*n + q = f*q - 8, 2*q - 13 = 3*n. Let v(i) = 2*i**2. What is the units digit of v(n)?
8
Let m be ((-48)/28)/((-1)/(-7)). What is the hundreds digit of -412*(51/m - -4)?
1
Suppose 12*x - 19115 = 16681. What is the hundreds digit of x?
9
Suppose 0 = -z + 4*i - 2, 0 = -3*z - z + 3*i - 8. Let t(v) = -v**3 - 2*v**2 - 5*v - 5. What is the units digit of t(z)?
5
What is the units digit of 36/(-84) - 1/((-35)/47475)?
6
Let r be (36/7)/(6/21). Suppose -15*v = -r*v - 132. What is the tens digit of (v/5)/((-8)/60)?
6
Let a = 1357 - -657. What is the units digit of a?
4
Let w be (-12)/(-3) + (5 - 24). What is the units digit of (-60)/(-9)*w/(-4)?
5
Let q(s) be the third derivative of s**4/8 + s**3/2 + 3*s**2. What is the tens digit of q(4)?
1
Let m be (-4)/(-34) + (-128)/(-68). Suppose -4*o + 344 = -w, 2*o - 158 = 2*w + m*w. What is the tens digit of o?
8
Suppose 31*d - 34*d + 2196 = 0. What is the hundreds digit of d?
7
What is the hundreds digit of ((-124)/(-3))/(17/255)?
6
Let n(u) = 3*u**2 + 11*u - 3. Let d be n(-5). Suppose -1 = 4*t - d. Suppose 41 = j - 5*g, -4*g + 0 - t = 0. What is the units digit of j?
6
Suppose -2313 - 711 = -12*r. What is the hundreds digit of r?
2
Let c be 3/(-9) + 1/3. Suppose i + 3*j - 11 = c, -4*i - 32 = 4*j - 108. Suppose 0*p + p = i. What is the units digit of p?
3
What is the units digit of (4/6)/((-24)/36) + 2?
1
Let b(c) = c**2 + 16*c - 13. Let n be b(-11). Let p = 72 + n. What is the units digit of p?
4
Suppose -3*k + 8*k = 3*t + 28, -5*t - 15 = -2*k. Let f = k - 9. What is the units digit of ((-13)/1)/(f - -3)?
3
Suppose 4 = -2*a - 6. Let l(s) = -s**3 - 5*s**2 - s - 6. Let n be l(a). What is the tens digit of (n + (13 - -3))*1?
1
Let o = 2909 - 1759. What is the units digit of o?
0
Let f be (-3 + -5)*(-14 - 0). Let u be f/(-21) + (-4)/6. What is the tens digit of ((-3)/(-2))/(u/(-216))?
5
Suppose 0 = -799*m + 802*m - 12552. What is the thousands digit of m?
4
Suppose -11 = 10*k + 19. What is the tens digit of (2/k)/(1181/(-393) - -3)?
3
Let q(y) = 318*y**2 + 16*y - 30. What is the thousands digit of q(2)?
1
Let c(j) = j**2 + 2*j + 470. What is the tens digit of c(0)?
7
Let f = -154 + 543. Let w = f - 241. What is the hundreds digit of w?
1
Let n(a) = -4 - a - 19*a**2 + 1 + 20*a**2. Let q be n(3). Suppose z = q*z - 2. What is the units digit of z?
1
Suppose 0 = 5*f - 49 - 11. Let w = 14 - f. What is the units digit of (w/5)/((-4)/(-220))?
2
Let o(a) = -1. Let j(b) = -b**3 - 6*b**2 - 6*b + 1. Let d(m) = -j(m) - 3*o(m). Let s(p) = 5*p + 1. Let r be s(-1). What is the units digit of d(r)?
0
Suppose 0 = -5*l + 15, -5*k = 2*l - 0*l + 119. Let i = -20 - k. Suppose -3*n = -i*n + 104. What is the units digit of n?
2
Let u = -67 + 16. What is the units digit of (u + -1)*23/(-46)?
6
Let s = -22 + 26. Let g = s + 2. What is the units digit of g?
6
Let z(b) = -3*b**2 + 8*b + 1. Let a be z(3). What is the units digit of ((-29)/a)/(1/(-2)*-1)?
9
What is the hundreds digit of (-55880)/(-66) + (-2)/3?
8
Suppose 2*b + 4*l = 1554, 2*b + 5*l = 1083 + 469. What is the tens digit of b?
8
Suppose -3*r = 3*o - 594, -3*r = -o - 347 - 267. Suppose 8*z - 341 = r. What is the tens digit of z?
6
Let l(t) = 12*t**3 - 12*t**2 + 3*t + 9. What is the hundreds digit of l(4)?
5
Suppose 0 = -2*u + c - 3, 0*u = 2*u - 5*c + 23. Suppose 4*k - u = -5*l + 54, -3*l = -4*k + 63. Suppose o - 7 - k = 0. What is the units digit of o?
2
Let c = 5643 + -2953. What is the units digit of c?
0
Let g be (2/(-5))/(1/10). Let q(r) = 20*r**2 + 11*r - 12. Let a(m) = -7*m**2 - 4*m + 4. Let y(b) = 17*a(b) + 6*q(b). What is the tens digit of y(g)?
2
Let t(w) = w**2 - 5*w + 2. Suppose -5 + 13 = 2*s. Let x be t(s). What is the tens digit of 4/3*18 + x?
2
Let l(t) be the first derivative of t**4/4 + 2*t**3 - 3*t**2/2 + 6*t + 2. Let q be l(-6). Let n = 6 + q. What is the tens digit of n?
3
Suppose y - 1 - 2 = 0. Suppose -y*p = p + 3*t - 55, 5*p + 5*t = 75. What is the tens digit of (3 - p)/((-2)/8)?
2
Let y(r) = r**3 + 22*r**2 + 21*r - 21. What is the tens digit of y(-11)?
7
Let o = 31 + -35. What is the units digit of 870/40 + (-1)/o?
2
Let c = 531 + -386. What is the tens digit of c?
4
Let m be 0*(0 + 4/(-8)). Suppose -182 = -2*k - m*k. Suppose k = 5*c - 154. What is the tens digit of c?
4
Let v(t) = 2*t**3 - 11*t**2 + 7*t - 5. Let j be v(5). Let l = -21 + 213. Suppose 2*b = -p - 4*p + 196, j*p = -4*b + l. What is the tens digit of p?
4
What is the tens digit of 368 - 6/6 - 2?
6
Let g(u) be the first derivative of -3*u**2/2 + 46*u - 9. What is the tens digit of g(0)?
4
Let c(n) = n**2 + 4*n - 14. Let k be c(-7). What is the hundreds digit of 4/(-14) - (-863)/k?
1
Let g be 100/(1/(-4) - 10/(-8)). What is the units digit of (-4)/(-6) - (g/6)/(-5)?
4
Let s(i) = -i**3 + 5*i**2 - i + 8. Let l = 9 - -3. Suppose 4*w - 4 = l. What is the tens digit of s(w)?
2
Let c = 9 - 4. Suppose -c*f - 3*t - 74 + 197 = 0, -5*t = 20. What is the units digit of f/2 - 2/4?
3
Let k(u) = 4*u**2 + u + 6. Let g be k(-4). Suppose 3*y - 5*m = 143, y + 5*m + 5 = g. Suppose -4*p - w = -76, 4*p - 143 = -5*w - y. What is the units digit of p?
8
Let b(a) = -a**3 - a + 482. What is the units digit of b(0)?
2
Let d = -899 + 2406. What is the tens digit of d?
0
Let x(s) = 36*s - 627. Let c be x(16). Suppose 5*m - 290 = -3*d, -4*d - 171 = -3*m - 548. Let n = d + c. What is the tens digit of n?
4
Let a(u) be the second derivative of 2*u**3/3 + 3*u**2/2 - 2*u. Let x be a(-5). Let w = 5